09
What are the prime factors of 825582127?
1039, 794593
List the prime factors of 45675065.
5, 9135013
List the prime factors of 44614995.
3, 5, 269, 11057
What are the prime factors of 46070672?
2, 89, 32353
What are the prime factors of 80963101?
2689, 30109
List the prime factors of 2601667786.
2, 43, 4139, 7309
What are the prime factors of 3664502388?
2, 3, 17, 5987749
What are the prime factors of 199335568?
2, 12458473
List the prime factors of 3059558835.
3, 5, 271, 743, 1013
What are the prime factors of 5774997319?
7, 13, 131, 484439
List the prime factors of 2036985497.
19, 193, 555491
List the prime factors of 3606713454.
2, 3, 37, 16246457
What are the prime factors of 929453522?
2, 89, 5221649
What are the prime factors of 142365921?
3, 257, 184651
List the prime factors of 6100445001.
3, 7, 290497381
List the prime factors of 82619744.
2, 1289, 2003
List the prime factors of 676725510.
2, 3, 5, 22557517
List the prime factors of 4421581515.
3, 5, 13, 1451, 5209
List the prime factors of 411910850.
2, 5, 13, 17, 37277
What are the prime factors of 74552434?
2, 11, 47, 72101
List the prime factors of 204181011.
3, 19, 1194041
List the prime factors of 5414559646.
2, 45053, 60091
List the prime factors of 476957318.
2, 238478659
What are the prime factors of 3136390985?
5, 7, 13, 6893167
List the prime factors of 111044986.
2, 13, 17, 251233
List the prime factors of 1995100302.
2, 3, 13, 4423, 5783
What are the prime factors of 133224439?
133224439
What are the prime factors of 17685385?
5, 127, 27851
List the prime factors of 2054351482.
2, 47, 21854803
What are the prime factors of 327440693?
31, 613, 17231
List the prime factors of 203777951.
13, 53, 295759
What are the prime factors of 586895233?
17, 34523249
List the prime factors of 4059841823.
4059841823
What are the prime factors of 92207222?
2, 43, 881, 1217
What are the prime factors of 437976489?
3, 145992163
What are the prime factors of 451888585?
5, 29, 37, 84229
List the prime factors of 3902133456.
2, 3, 13, 541, 3853
What are the prime factors of 25705944?
2, 3, 11, 31, 349
List the prime factors of 506011655.
5, 97, 1043323
What are the prime factors of 28465251?
3, 9488417
List the prime factors of 8269012665.
3, 5, 183755837
What are the prime factors of 23577715?
5, 7, 673649
List the prime factors of 20828335.
5, 11, 173, 199
What are the prime factors of 45409758?
2, 3, 89, 85037
List the prime factors of 128662218.
2, 3, 47, 152083
What are the prime factors of 783599259?
3, 23, 2837, 4003
What are the prime factors of 722333652?
2, 3, 5087, 11833
What are the prime factors of 102570859?
102570859
What are the prime factors of 6587595?
3, 5, 7, 6971
List the prime factors of 7013561727.
3, 109, 251, 85451
What are the prime factors of 3592949179?
163, 199, 257, 431
List the prime factors of 511303096.
2, 73, 875519
List the prime factors of 121087866.
2, 3, 20181311
What are the prime factors of 38665360?
2, 5, 483317
List the prime factors of 44162883.
3, 73, 67219
What are the prime factors of 75059348?
2, 7, 13, 19, 10853
What are the prime factors of 3427789969?
3427789969
List the prime factors of 1642535657.
7, 234647951
List the prime factors of 692216660.
2, 5, 29, 73, 16349
What are the prime factors of 758215852?
2, 189553963
What are the prime factors of 117278669?
117278669
List the prime factors of 84285377.
11, 7662307
What are the prime factors of 145790701?
7, 20827243
List the prime factors of 171370562.
2, 11, 23, 149, 2273
What are the prime factors of 1154814900?
2, 3, 5, 3849383
List the prime factors of 832401244.
2, 208100311
List the prime factors of 37937453.
53, 715801
What are the prime factors of 249039083?
249039083
List the prime factors of 1324266519.
3, 37, 2063, 5783
What are the prime factors of 2441681705?
5, 488336341
List the prime factors of 196017871.
7, 17, 47, 101, 347
What are the prime factors of 5598065805?
3, 5, 373204387
List the prime factors of 558136145.
5, 7, 211, 75577
What are the prime factors of 4110622270?
2, 5, 17, 521, 46411
List the prime factors of 843766293.
3, 23, 1321, 9257
What are the prime factors of 1010920462?
2, 47, 419, 25667
List the prime factors of 1037825122.
2, 518912561
What are the prime factors of 2072939554?
2, 7, 101, 149, 9839
What are the prime factors of 180865134?
2, 3, 83, 121061
List the prime factors of 1165262459.
67, 17391977
List the prime factors of 69984185.
5, 13996837
What are the prime factors of 331174906?
2, 43, 59, 65269
List the prime factors of 87261076.
2, 7, 617, 5051
List the prime factors of 1507102481.
14249, 105769
List the prime factors of 1062478582.
2, 11, 151, 319831
List the prime factors of 1382256735.
3, 5, 397, 232117
List the prime factors of 17497343.
197, 88819
List the prime factors of 1157240.
2, 5, 7, 4133
What are the prime factors of 4254746460?
2, 3, 5, 89, 796769
List the prime factors of 42739006.
2, 21369503
What are the prime factors of 351160002?
2, 3, 31, 89, 2357
What are the prime factors of 724847804?
2, 59, 71, 181, 239
List the prime factors of 67492606.
2, 757, 44579
List the prime factors of 7660165463.
37, 61, 3393959
List the prime factors of 42162667.
1213, 34759
List the prime factors of 2171718439.
11, 10247, 19267
What are the prime factors of 118969753?
7, 601, 28279
What are the prime factors of 57384988?
2, 14346247
List the prime factors of 433178331.
3, 127, 1136951
What are the prime factors of 47319338?
2, 11, 2150879
List the prime factors of 172313583.
3, 13, 149, 2281
What are the prime factors of 1948545760?
2, 5, 7, 19, 103, 127
What are the prime factors of 24078440?
2, 5, 601961
List the prime factors of 5194040599.
11, 472185509
What are the prime factors of 6154671?
3, 479, 4283
What are the prime factors of 43091391?
3, 7, 71, 28901
List the prime factors of 180572541.
3, 163, 369269
What are the prime factors of 3864181433?
7, 9133, 60443
List the prime factors of 5831285280.
2, 3, 5, 12148511
What are the prime factors of 596338265?
5, 1523, 78311
List the prime factors of 2948275895.
5, 589655179
List the prime factors of 1810521962.
2, 37, 107, 2137
List the prime factors of 429109367.
23, 18656929
What are the prime factors of 2640020836?
2, 167, 3952127
What are the prime factors of 567189960?
2, 3, 5, 4726583
List the prime factors of 5685412052.
2, 131, 10850023
List the prime factors of 49765557.
3, 16588519
What are the prime factors of 14133597?
3, 397, 11867
List the prime factors of 1909918804.
2, 23, 31, 669677
List the prime factors of 269296475.
5, 7, 1538837
List the prime factors of 49425094.
2, 337, 73331
List the prime factors of 4195219936.
2, 131100623
What are the prime factors of 142156790?
2, 5, 23, 751, 823
List the prime factors of 72579390.
2, 3, 5, 13, 149, 1249
List the prime factors of 180036867.
3, 60012289
List the prime factors of 34173079.
34173079
List the prime factors of 9389238.
2, 3, 257, 6089
What are the prime factors of 49887403?
6619, 7537
List the prime factors of 852809954.
2, 59, 433, 16691
List the prime factors of 3144733695.
3, 5, 17, 97, 42379
List the prime factors of 2324883709.
43, 54067063
List the prime factors of 517853581.
7, 73979083
What are the prime factors of 35488264?
2, 7, 23, 59, 467
What are the prime factors of 34650724?
2, 197, 43973
What are the prime factors of 695429997?
3, 439, 528041
List the prime factors of 200230987.
11, 19, 958043
List the prime factors of 132751983.
3, 7, 13, 233, 2087
What are the prime factors of 194421634?
2, 11, 8837347
List the prime factors of 235431835.
5, 47086367
What are the prime factors of 2563898?
2, 19, 109, 619
What are the prime factors of 118999044?
2, 3, 61, 223
What are the prime factors of 53597198?
2, 389, 68891
What are the prime factors of 219416137?
101, 151, 14387
What are the prime factors of 212530838?
2, 13, 17, 480839
List the prime factors of 119758116.
2, 3, 9979843
What are the prime factors of 925932428?
2, 31, 7467197
What are the prime factors of 903564583?
163, 1721, 3221
What are the prime factors of 2825882?
2, 821, 1721
List the prime factors of 234598106.
2, 8069, 14537
What are the prime factors of 860631?
3, 41, 6997
What are the prime factors of 531638527?
7, 